is -10 - -54559b?
54558b
In base 3, what is -20121110211002 - 10122?
-20121110221201
In base 3, what is -10 - 2120021121211?
-2120021121221
In base 14, what is -53da90 + 4?
-53da8a
In base 10, what is -1 - 201166?
-201167
In base 8, what is 3 + -6455567?
-6455564
In base 13, what is 6a508 + 1b2?
6a6ba
In base 11, what is -7a68 - 1365?
-9322
In base 9, what is -236188805 - 1?
-236188806
In base 10, what is 8871 - 21836?
-12965
In base 4, what is -122320 + -23122001?
-23310321
In base 4, what is -12 + -2122232031?
-2122232103
In base 14, what is -16c - -3d653?
3d4c5
In base 10, what is 10 + 1216811?
1216821
In base 3, what is 2120220 - -112111?
10010101
In base 7, what is 50 + 3526253?
3526333
In base 10, what is 11910218 - -4?
11910222
In base 16, what is -238387 + 2?
-238385
In base 14, what is -5 + 13b2c7c?
13b2c77
In base 10, what is 12103 - -1136?
13239
In base 6, what is -3502241331 + 10?
-3502241321
In base 13, what is -11a64 - 108?
-11b6c
In base 3, what is -200211222 + 21112?
-200120110
In base 5, what is -114 - 222303241?
-222303410
In base 9, what is -4328536 - -6?
-4328530
In base 9, what is 6328 - 45287?
-37858
In base 6, what is -244245 + 42401?
-201444
In base 9, what is 234771 - -1507?
236378
In base 10, what is 1028996 + -10?
1028986
In base 7, what is -542005 + 21?
-541654
In base 15, what is -425335 + 7a?
-4252aa
In base 6, what is 33100254421 + 4?
33100254425
In base 12, what is -6b + 21065?
20bb6
In base 3, what is -100211221101 - 1210002?
-100220201110
In base 10, what is 6 + -4589730?
-4589724
In base 15, what is 922ccc + -6?
922cc6
In base 10, what is -1 - -10140036?
10140035
In base 14, what is a95510 + -10?
a95500
In base 10, what is 11859105 + -4?
11859101
In base 12, what is 5 - a4950b?
-a49506
In base 11, what is 0 + -152804?
-152804
In base 10, what is 45479 - -103?
45582
In base 5, what is -10014 + 123040?
113021
In base 11, what is 287a567 - 10?
287a557
In base 2, what is 1010010101 - 101001010?
101001011
In base 4, what is 1101301133212 - 30?
1101301133122
In base 3, what is -2 + 12010222100101?
12010222100022
In base 3, what is -1200221221122111 - -2?
-1200221221122102
In base 14, what is c1239 - -4?
c123d
In base 13, what is 12 - -17b88c4?
17b8906
In base 16, what is -c5 - 22078?
-2213d
In base 10, what is -1386274 + 12?
-1386262
In base 7, what is -402 - -210623?
210221
In base 16, what is -324 - -9da?
6b6
In base 6, what is -1414154311 - 23?
-1414154334
In base 5, what is 124322430204 + -12?
124322430142
In base 7, what is 6 - -2126000561?
2126000600
In base 11, what is 216a559 - 4?
216a555
In base 12, what is 32658 + 12a?
32786
In base 16, what is 9 - 10f3ba?
-10f3b1
In base 12, what is 3 - -39249193?
39249196
In base 6, what is -2352 - 4441133?
-4443525
In base 9, what is -146 + -136803?
-137050
In base 3, what is 11100101022021 - -120?
11100101022211
In base 8, what is -2 - -1541554734?
1541554732
In base 14, what is -12a44315b - 1?
-12a44315c
In base 7, what is 162433130 + -12?
162433115
In base 2, what is -10101000110011101000111111 - 100010?
-10101000110011101001100001
In base 13, what is 11 - 4873b05?
-4873ac4
In base 6, what is -103 + 4024141?
4024034
In base 3, what is -1200 + -22220202010011?
-22220202011211
In base 2, what is 101100000011101000100110 + 10111?
101100000011101000111101
In base 15, what is 8682 + -45?
863c
In base 5, what is 1322 + -23000034?
-22443212
In base 8, what is -5733 - -6445?
512
In base 13, what is 10b9 + -3393?
-22a7
In base 12, what is -6192 + -28b?
-6461
In base 13, what is -9792 + 33?
-975c
In base 13, what is -4928 - 29b3?
-760b
In base 2, what is 11 + 1010110110011011100000111100?
1010110110011011100000111111
In base 15, what is 19 + 16291b?
162935
In base 13, what is -58 + 2a5928?
2a58a0
In base 5, what is -12302332314 - -10?
-12302332304
In base 9, what is -375655 + -4?
-375660
In base 16, what is 5 - 228447a?
-2284475
In base 7, what is 262 + -1466604?
-1466312
In base 14, what is -48959c73 + 3?
-48959c70
In base 16, what is -14994dc + 1?
-14994db
In base 3, what is 121112022221102 - 10?
121112022221022
In base 7, what is -152362600 + 240?
-152362330
In base 15, what is -1 - -13dae93?
13dae92
In base 10, what is -1617 - -664?
-953
In base 15, what is e - 534810?
-534801
In base 16, what is -5 + 70c30?
70c2b
In base 15, what is -208 + 8c23?
8a1a
In base 8, what is 16 - -60622633?
60622651
In base 6, what is -22 - 515334013?
-515334035
In base 4, what is 12022011 + 20232?
12102303
In base 10, what is 217940780 + 5?
217940785
In base 13, what is 1b2b226a + -1?
1b2b2269
In base 11, what is 6 + -32461897?
-32461891
In base 4, what is 10 - 10332212312111?
-10332212312101
In base 16, what is -8a - c58a?
-c614
In base 3, what is 12 + 101110111111210100?
101110111111210112
In base 3, what is -1121200111 - 102202221?
-2001110102
In base 13, what is -1cc58 - 49?
-1cca4
In base 8, what is -1031 - -10755656?
10754625
In base 8, what is -32170 - 476?
-32666
In base 8, what is -105622 - -1133?
-104467
In base 12, what is 1986224 + 2?
1986226
In base 3, what is 110022011 + 100?
110022111
In base 5, what is -10242113241 - -12?
-10242113224
In base 12, what is 2b65b + -6499?
25182
In base 11, what is -3029 + 2545?
-594
In base 9, what is -235 - 57233?
-57468
In base 15, what is 4 + 5c2391c?
5c23921
In base 4, what is 103230203 + -3113232?
100110311
In base 10, what is 691646 + -6?
691640
In base 9, what is 67 - 20502083?
-20502015
In base 3, what is -20 - 2100211202011100?
-2100211202011120
In base 5, what is 2 + 10410113433?
10410113440
In base 9, what is -34310 + -736?
-35146
In base 16, what is 22d + 2c689?
2c8b6
In base 8, what is -43 - -45741244?
45741201
In base 13, what is -1ca7a + 1c5?
-1c885
In base 3, what is 211001211 + -2221?
210221220
In base 6, what is 41 + 25345050?
25345131
In base 12, what is 37 - a66608?
-a66591
In base 14, what is 1d84 + 1118?
309c
In base 4, what is -22 + 211323311?
211323223
In base 3, what is -10201012022100 + -120?
-10201012022220
In base 8, what is -3051246 - 6?
-3051254
In base 4, what is -1110322030320 + -2?
-1110322030322
In base 2, what is 1001101100100101010101 + 1001111?
1001101100100110100100
In base 9, what is -8657 + 1706?
-6851
In base 5, what is -223141333 - -13?
-223141320
In base 11, what is -12431a08 - 4?
-12431a11
In base 16, what is -3e - 1a5f8?
-1a636
In base 12, what is 26516 - 1202?
25314
In base 13, what is -9b + 32b4b0?
32b412
In base 12, what is -2 - -430622b?
4306229
In base 14, what is -8 - -2b8788?
2b8780
In base 16, what is -a + -752ec8?
-752ed2
In base 9, what is -7 + -56318304?
-56318312
In base 11, what is 760 - 15009?
-14359
In base 9, what is 0 + -3446864?
-3446864
In base 9, what is 187118703 - 0?
187118703
In base 8, what is 110 - 12370712?
-12370602
In base 14, what is -781b61c - -4?
-781b618
In base 16, what is 9 - -430824?
43082d
In base 9, what is -4 + 78628075?
78628071
In base 11, what is 16639951 - -4?
16639955
In base 2, what is -111110100100 + -10110010111000?
-11110001011100
In base 11, what is -13 + -78599?
-78601
In base 16, what is ff0 - 66e?
982
In base 13, what is -17397b1 + -1?
-17397b2
In base 4, what is 23203011 - -32221?
23301232
In base 8, what is -2665 + 1103257?
1100372
In base 4, what is -13 + -130101121223?
-130101121302
In base 2, what is 10000 + -1010110110101100110101?
-1010110110101100100101
In base 9, what is -8 + 2464721?
2464712
In base 2, what is -10110100111101111 - -111?
-10110100111101000
In base 5, what is 42 + 1120031321?
1120031413
In base 7, what is 64046062622 - -4?
64046062626
In base 5, what is -1 - 43241011?
-43241012
In base 14, what is -1 - 2b5979c?
-2b5979d
In base 9, what is -4118 + 27270?
23151
In base 2, what is 1101000100000100100011 + 1?
1101000100000100100100
In base 10, what is -67 - 49074?
-49141
In base 2, what is 1111101101110110101 + 1110010001?
1111101111101000110
In base 12, what is 18420 + -3?
18419
In base 13, what is c2 + 45294?
45386
In base 7, what is -50 - 40024?
-40104
In base 8, what is -7 + 1667427?
1667420
In base 12, what is -32 + -3a722?
-3a754
In base 9, what is 1422404652 - -1?
1422404653
In base 8, what is 1007 + -1147267?
-1146260
In base 3, what is -22210020221 - 20212?
-22210111210
In base 11, what is 11 - 79789?
-79778
In base 1